).
115
Let w(c) = -6*c**2 - 94*c + 29. Calculate w(-16).
-3
Let b(g) = g**3 - 21*g**2 + 66*g - 598. Calculate b(19).
-66
Let y(b) = -b**3 - 133*b**2 + 152*b + 2450. Determine y(-134).
38
Let r(h) = -2*h**2 - 41*h - 61. What is r(-19)?
-4
Let l(x) = -72*x**2 - 288*x - 7. Give l(-4).
-7
Let f(r) = -r**3 - 2*r**2 + 9*r - 18. What is f(-4)?
-22
Let w(h) = -h**3 - 2*h**2 - 46*h - 23. Give w(-7).
544
Let d(l) = l**2 - 54*l - 244. What is d(58)?
-12
Let r(f) = -459*f - 7344. Give r(-16).
0
Let o(m) = 14*m**2 - 253*m + 461. What is o(2)?
11
Let f(y) = y**3 + 5*y**2 - 77*y - 33. Give f(6).
-99
Let b(p) = 5*p**2 + 610*p - 1846. What is b(3)?
29
Let x(h) = 9*h**3 + 35*h**2 - 67*h - 2. Calculate x(2).
76
Let z(n) = -7*n + 137. Calculate z(26).
-45
Let l(t) = -23288*t - 349325. Calculate l(-15).
-5
Let m(o) = -130*o**2 - 5979*o + 102. Calculate m(-46).
56
Let a(x) = -40*x - 5207. Calculate a(-129).
-47
Let s(u) = u**3 + 14*u**2 - 11*u - 56. What is s(-13)?
256
Let v(n) = 19*n**3 - 2*n**2 + 7. Give v(-2).
-153
Let j(v) = -v**2 - 51*v + 294. Calculate j(5).
14
Let z(d) = 21*d + 3459. Calculate z(-165).
-6
Let p(s) = s**2 - 18*s + 57. What is p(11)?
-20
Let l(i) = -i**3 - 8*i**2 + 2*i + 37. Determine l(-7).
-26
Let a(s) = 10*s**2 + 5*s - 209. What is a(-5)?
16
Let g(d) = d**2 - 26*d - 348. Determine g(35).
-33
Let q(w) = 7*w**3 + w**2 + 2*w - 2. What is q(1)?
8
Let q(t) = 80*t + 159. What is q(-10)?
-641
Let i(c) = -194*c - 80. Give i(-1).
114
Let v(y) = 3769*y + 97997. Determine v(-26).
3
Let z(q) = q**2 - 5*q - 16. What is z(8)?
8
Let b(t) = 21*t + 21. Calculate b(-12).
-231
Let h(z) = 36*z**2 - 109*z + 12. Determine h(3).
9
Let h(m) = 204*m + 14885. Calculate h(-73).
-7
Let l(q) = -3*q**2 - 12*q + 11. Give l(-5).
-4
Let r(k) = -105*k + 99. What is r(1)?
-6
Let s(j) = 9*j**2 - 57*j - 22. Determine s(8).
98
Let w(d) = d**3 - 37*d**2 - 15*d + 189. What is w(37)?
-366
Let u(a) = -2*a**3 - 23*a**2 - 9*a + 18. Give u(-11).
-4
Let z(v) = -12*v**3 - 13*v**2 + 4*v - 3. Give z(1).
-24
Let r(z) = -z**3 - 2*z**2 + 10*z + 293. Calculate r(9).
-508
Let r(u) = u**2 - 29*u - 2964. Calculate r(-42).
18
Let q(v) = 15513*v - 15545. Determine q(1).
-32
Let b(s) = s**3 - 169*s**2 + 1491*s - 8167. What is b(160)?
-7
Let b(f) = -29*f + 708. Calculate b(9).
447
Let j(i) = -265*i + 12706. What is j(48)?
-14
Let u(a) = 42*a - 482. Calculate u(14).
106
Let q(h) = 8*h**2 + 27*h + 74. Calculate q(-6).
200
Let x(y) = 8*y**2 - 18*y + 2. Calculate x(3).
20
Let w(l) = 2*l**3 + 13*l**2 - 9*l + 19. Determine w(-7).
33
Let w(m) = -4*m**3 - 47*m**2 - 44*m - 113. Determine w(-11).
8
Let j(u) = -u**2 - 11*u + 2645. Give j(-57).
23
Let f(p) = -2*p**3 + 4*p**2 + 140*p - 164. Calculate f(-8).
-4
Let k(v) = v**2 - 24*v - 660. Calculate k(-16).
-20
Let r(o) = o**3 - 14*o**2 - 50*o + 711. What is r(14)?
11
Let o(t) = 12*t**2 + 24*t - 102. Calculate o(-4).
-6
Let n(m) = m**3 - 27*m**2 + 8*m - 78. Give n(27).
138
Let k(a) = 129*a - 2866. Determine k(23).
101
Let g(q) = -4*q**2 + 4*q + 13. What is g(-2)?
-11
Let q(z) = -3*z**2 - 62*z - 148. Determine q(-3).
11
Let q(r) = -2444*r - 234619. Determine q(-96).
5
Let q(c) = -21*c - 108. Give q(-5).
-3
Let d(u) = -4*u**3 - 27*u**2 + 13*u + 9. What is d(-7)?
-33
Let y(h) = -19*h**2 - 32*h + 30. Calculate y(1).
-21
Let o(v) = -v**2 + 5*v + 32572. Calculate o(183).
-2
Let f(b) = b**3 - 8*b**2 + 9*b + 6. What is f(9)?
168
Let w(k) = 8856*k - 17708. Calculate w(2).
4
Let a(o) = -96*o + 371. Give a(2).
179
Let v(n) = 67*n - 7401. What is v(108)?
-165
Let a(s) = 5*s**2 + 265*s - 275. Give a(-54).
-5
Let o(z) = 12*z**3 - 2*z**2 - 12*z - 11. Determine o(-1).
-13
Let r(i) = -4*i**3 + 6*i**2 + 50*i + 37. Calculate r(5).
-63
Let q(m) = 200*m + 319. Give q(-2).
-81
Let t(u) = u**2 + 13*u + 15. What is t(-1)?
3
Let d(z) = z**2 - 21*z - 16. Calculate d(18).
-70
Let y(q) = -311*q + 3848. Calculate y(12).
116
Let c(w) = -3*w**3 + 7*w**2 - 3*w + 38. Give c(6).
-376
Let u(n) = -n**3 - 13*n**2 + 5*n - 64. Calculate u(-14).
62
Let k(p) = 43*p**2 + 1593*p + 70. What is k(-37)?
-4
Let q(d) = d**2 + 12*d + 116. Give q(-11).
105
Let u(i) = -2*i**3 + 106*i**2 + 107*i + 110. Determine u(54).
56
Let m(t) = 32*t**3 - 10*t**2 + 3*t + 21. Calculate m(3).
804
Let s(u) = -58*u + 109. Calculate s(0).
109
Let q(a) = 7*a**2 - 219*a - 631. Determine q(34).
15
Let g(q) = -q**3 + 40*q**2 + 186*q + 129. Give g(44).
569
Let x(s) = 18*s + 143. What is x(-3)?
89
Let j(x) = 2*x**2 + 3*x + 19. Give j(-4).
39
Let v(c) = -82*c + 5647. Give v(69).
-11
Let u(p) = -75*p + 1. What is u(3)?
-224
Let v(b) = 2*b**3 + 5*b**2 + b + 27. Calculate v(-5).
-103
Let a(i) = -i**3 - 81*i**2 - 1253*i + 425. What is a(-60)?
5
Let n(o) = 36*o + 2571. Give n(-62).
339
Let p(k) = -84*k + 1096. Calculate p(30).
-1424
Let a(g) = 2*g**2 + 107*g - 1264. What is a(10)?
6
Let s(i) = -9*i - 76. Calculate s(-9).
5
Let k(v) = 30*v**2 - 152*v - 15. Determine k(5).
-25
Let b(k) = 16*k**3 + 8*k**2 + 10*k + 20. Determine b(-3).
-370
Let b(c) = -c**3 - 56*c**2 - 54*c + 211. Give b(-55).
156
Let f(p) = -690*p - 691. Determine f(-1).
-1
Let s(g) = -420*g - 660. Calculate s(-3).
600
Let d(r) = 2*r**2 - 74*r + 639. Calculate d(15).
-21
Let b(d) = 511*d + 24516. What is b(-48)?
-12
Let y(w) = w**3 - 48*w**2 - 96*w + 8. What is y(50)?
208
Let b(i) = -5*i**2 - 196*i - 570. Calculate b(-36).
6
Let h(v) = -3*v**2 - 50*v + 6607. What is h(-56)?
-1
Let o(p) = 22*p**3 - 5*p**2 + 10*p - 8. What is o(3)?
571
Let f(t) = -t**2 - 51*t - 549. Determine f(-37).
-31
Let p(h) = -36*h + 1466. Determine p(41).
-10
Let f(m) = -m**2 - 6*m + 823. Determine f(26).
-9
Let g(y) = -2*y**3 + 29*y**2 + 37*y + 45. Calculate g(15).
375
Let x(a) = -2*a**3 + 9*a**2 - 29*a + 24. What is x(3)?
-36
Let z(h) = h**3 + 58*h**2 + 113*h + 76. What is z(-56)?
20
Let w(x) = -x**3 - 187*x**2 - 340*x + 5518. What is w(-185)?
-32
Let z(g) = -81*g + 347. Calculate z(5).
-58
Let f(l) = -4*l**2 - 33*l - 168. Determine f(-8).
-160
Let v(b) = -b**3 + 9*b**2 + 911*b - 120. Determine v(35).
-85
Let b(h) = 12*h - 108. Give b(-18).
-324
Let t(y) = y**3 + 7*y**2 - 15*y - 47. What is t(-8)?
9
Let b(j) = -2*j**2 - 12*j + 438. Give b(-18).
6
Let s(t) = -97*t + 386. Calculate s(4).
-2
Let v(a) = -267*a - 13642. Determine v(-51).
-25
Let n(o) = 57*o - 4528. Give n(80).
32
Let s(f) = 235*f - 1171. What is s(5)?
4
Let z(u) = -174*u - 1248. What is z(-7)?
-30
Let b(o) = -168*o**2 + 8*o - 9. Determine b(1).
-169
Let g(i) = -2*i**2 + 93*i - 587. Calculate g(39).
-2
Let t(n) = -n**3 + 71*n**2 + 63*n - 4451. Determine t(71).
22
Let u(q) = -q**2 + 196*q - 947. What is u(5)?
8
Let y(r) = -6*r**2 + 64*r - 102. Determine y(11).
-124
Let u(q) = q**3 + 19*q**2 - 81*q - 325. Calculate u(-22).
5
Let c(f) = 13*f**2 + 112*f - 986. Calculate c(-14).
-6
Let w(v) = -v**3 - 46*v**2 - 48*v - 154. Give w(-45).
-19
Let o(p) = p**3 + 5*p**2 - 59*p + 56. What is o(-11)?
-21
Let m(p) = p**3 + 28*p**2 - 97*p - 1110. Calculate m(-30).
0
Let r(l) = 4*l**3 - 8*l**2 + 4*l + 9. Give r(4).
153
Let b(o) = 45*o**2 - 426*o - 766. Determine b(11).
-7
Let b(f) = -8*f - 204. Determine b(-32).
52
Let u(g) = 810*g - 4050. What is u(5)?
0
Let j(z) = -2*z**3 + 81*z**2 - 261*z + 83. What is j(37)?
9
Let z(k) = -13*k**3 - 43*k**2 - 17*k - 23. Determine z(-3).
-8
Let k(n) = -n**3 - 4*n**2 - 55*n - 159. Determine k(-3).
-3
Let l(z) = -612*z + 28141. Give l(46).
-11
Let m(r) = -r**3 + 18*r**2 - 498*r + 3740. What is m(9)?
-13
Let v(d) = 3*d**3 - 44*d**2 - 69*d + 1359. What is v(14)?
1
Let k(n) = -n**2 - 19*n + 17. Give k(0).
17
Let g(l) = -3*l**2 + 319*l - 1255. What is g(102)?
71
Let v(o) = -6*o + 193. Give v(-24).
337
Let a(d) = -d**3 + 29*d**2 - 198*d + 6. What is a(11)?
6
Let a(c) = -2*c**2 + 50*c + 9. Determine a(27).
-99
Let n(k) = 180*k + 176. What is n(-2)?
-184
Let c(s) = -749*s + 4491. Determine c(6).
-3
Let s(w) = -8*w**2 + 27*w + 25. Determine s(-1).
-10
Let m(i) = -4*i**2 - 95*i - 84. Determine m(-23).
-15
Let y(k) = 17*k + 27. Determine y(7).
146
Let y(i) = 3*i**3 - 76*i**2 + 344*i + 13. Determine y(6).
-11
Let k(p) = -21*p + 577. Give k(30).
-53
Let f(a) = -6*a**3 + 14*a**2 - 31*a + 5. Calculate f(2).
-49
Let g(o) = -o**2 - 80*o - 1555. Calculate g(-35).
20
Let r(p) = -144*p + 1104. Give r(7).
96
Let r(u) = u**3 + 24*u**2 - 42*u -